 + 0*b - 9*b**2. What is the units digit of i(-4)?
9
Suppose 1726 + 5385 = 13*b. What is the tens digit of b?
4
Suppose 0 = -0*f + 11*f - 10032. What is the units digit of f?
2
Let z be -2 + (-1)/((-4)/8). Suppose -4*d - 16 = -z*d. Let i(p) = -2*p**3 - 7*p**2 - 4*p + 5. What is the tens digit of i(d)?
3
Suppose -28573 = -15*t + 13247. What is the tens digit of t?
8
Let f = -98 + 128. What is the tens digit of f?
3
What is the thousands digit of 7/(273/(-52))*(-10086)/4?
3
Suppose 3*h = 5443 + 878. What is the hundreds digit of h?
1
Let g(p) = 35*p + 1. Let s(u) = 176*u + 6. Let v(h) = 11*g(h) - 2*s(h). Let y be v(1). Suppose -y = -q - 3*q. What is the units digit of q?
8
Let a(y) = -26*y**2 - 3*y - 3. Let r be a(-1). Let q = r + 59. What is the tens digit of q?
3
Suppose -2*b + 4*d = -10, 2*b - 3*b - 4*d - 25 = 0. Let o = -4 - b. Suppose 17 = k + o. What is the tens digit of k?
1
Let o = -752 + 1568. Suppose r = -3*r - 3*j + o, 3*r - 3*j = 591. What is the units digit of r?
1
Suppose -3*l - 6 = 0, 0 = q + 5*l + 5 + 3. Suppose -q*x = -f - 411, 3*x - 857 = -x - 5*f. What is the hundreds digit of x?
2
Suppose 5*n + 2*z - 4*z + 2395 = 0, 3*z = 15. Let u = -260 - n. What is the tens digit of u?
1
Suppose -o = -2*s + 649, -3*s + 5*o = -1324 + 368. What is the tens digit of s?
2
Suppose -14*x - 2067 + 13435 = 0. What is the hundreds digit of x?
8
Let u be (-2)/7 + (-9)/(-7). Let d be u + 0 + (14 - 11). Suppose -3*g - d*j + 80 = 0, 3*j - 11 - 9 = -g. What is the tens digit of g?
3
Suppose 5*w + 0*w = 0. Let r be 3 - (-1 + 1 + w). What is the tens digit of ((-76)/(-12) - 3)*r?
1
Let f be (-1479)/(-27) - 6/(-27). Let j = 112 - f. What is the units digit of j?
7
Let n(t) = 6*t**2 + 172*t - 26. What is the thousands digit of n(-42)?
3
Let u = -358 + 673. What is the tens digit of u?
1
Let z = 5 - 9. Let m be 3 + ((-306)/(-24))/(3/(-8)). Let i = z - m. What is the units digit of i?
7
What is the hundreds digit of (245/(-14) + 0)*-26?
4
Suppose 94 + 20 = -s. Let g = -67 - s. What is the tens digit of g?
4
Let i(n) = 3*n**3 - 46*n**2 + 22*n - 40. Let q be i(15). Suppose k - 4*k = -3*y - 408, 0 = 5*k - 4*y - 683. Let g = k - q. What is the units digit of g?
4
Let q(n) = n**2 + 11*n + 1445. What is the hundreds digit of q(0)?
4
Suppose 2*k + 5*p = 11, 36 = 4*k - 3*p - p. Let u(n) = -4*n - 8 + 13*n - 7*n. What is the units digit of u(k)?
8
Let o = -5187 - -8935. What is the units digit of o?
8
Suppose -37*p - 24716 = -74*p. What is the units digit of p?
8
Suppose p + 0 = 3, 3*c + p = 39. Let u be (-3)/(-24) - 30/(-16). Let m = u + c. What is the units digit of m?
4
Let h = 692 - 342. What is the hundreds digit of h?
3
Suppose h = -u + 4, 4*u = 2*h + u - 18. Let w = 33 + -54. What is the units digit of ((-30)/35)/(h/w)?
3
What is the tens digit of (6 - -45)*444/18?
5
Suppose 10*t - 1666 = 5*t + a, -3*a = -t + 322. What is the tens digit of t?
3
Suppose 10*a + 3*a = 585. Suppose -5*h - 5 + a = 0. What is the units digit of h?
8
Let k(n) = -5*n + 21. Let o be 12/(-66) + 423/(-33). What is the tens digit of k(o)?
8
Let d(p) = 173*p - 72. What is the tens digit of d(3)?
4
Suppose f - 5*j = 1518, -5*f = 8*j - 3*j - 7530. What is the tens digit of f?
0
Suppose 172 = 2*v - 4*d - 16, -3*v + 327 = 3*d. Suppose 9 = -3*p, 4*p - v = -w + 135. What is the units digit of w?
1
Let h(l) = 67*l**2 - 5*l + 7. What is the units digit of h(3)?
5
Let l(i) = -602*i**3 - i**2 + 4*i + 3. What is the tens digit of l(-1)?
0
Let d(a) = 265*a**3 + 2*a**2 - 2*a + 6. What is the units digit of d(2)?
0
Let k = 2218 - 1123. What is the tens digit of k?
9
Let g(q) = -q**2 - q - 21. Suppose 0*j = 2*j. Let v be g(j). Let k = v - -56. What is the tens digit of k?
3
Suppose 6*o - 28 = 7*o. What is the units digit of 8/(-5)*1050/o?
0
Let i be 30/(-20) - 14/(-4). Let l = 2 + i. Suppose -45 = -l*n - 5*y, -y - y - 5 = -3*n. What is the units digit of n?
5
Let o(s) = 10*s - 2. Let k(m) = -11*m + 2. Let a(f) = 3*k(f) + 2*o(f). What is the units digit of a(-2)?
8
Let g(j) = 72*j**2 - 297*j - 19. What is the tens digit of g(11)?
2
Let n(i) = 11*i + 7. Let v(k) be the second derivative of -28*k**3/3 - 35*k**2/2 + 2*k. Let y(j) = -21*n(j) - 4*v(j). What is the units digit of y(-3)?
4
Let z(f) = f**2 - f + 26. Let h be z(0). Let a = h - 19. What is the units digit of a?
7
Let r = 22 + -10. Suppose -2 = -2*t - 8. Let u = r - t. What is the tens digit of u?
1
Let v(d) = -d**3 - 16*d**2 - 35*d - 19. What is the hundreds digit of v(-16)?
5
Let s(h) = 25*h + 7. Let w be s(-3). Let z = 146 + w. What is the tens digit of z?
7
Suppose 0 = 8*f - 27 - 13. Suppose 5*o + f*z - 545 = 0, -o - 2*z = -70 - 34. What is the tens digit of o?
1
Let w be 3 + 6 + 0 - 6. Suppose 4 = n - 0. What is the units digit of 42/n*2/w?
7
Let r(w) = 7*w - 5 + 3*w - 4*w. Let k(c) = 6*c + 23. Let l be k(-3). What is the units digit of r(l)?
5
Suppose u - 2*k = -5 + 2, 5*k + 64 = -3*u. Let l = 15 + u. Suppose 0 = 3*t - 6*t - 5*y + 21, 0 = -4*t - l*y + 14. What is the units digit of t?
2
Let b(j) = j**2 - 4*j + 3. Let n be b(3). Suppose m + 21 = -n*m + v, -2*m - 52 = -4*v. What is the tens digit of (22/4)/((-8)/m)?
1
Let y(m) = m**2 - 2*m - 9. Let q = -120 - -113. What is the tens digit of y(q)?
5
Let t = 318 - 19. What is the hundreds digit of t?
2
Suppose 6*g - 5*g - 14 = 0. What is the units digit of 36/g*(-21)/(-2 + -1)?
8
Let r be -7 + 4 + 254 + 3. Suppose -r - 152 = -3*l - 4*d, d = -2*l + 274. What is the tens digit of (1 - 3)*l/(-4)?
6
Suppose 3*n - 760 = 5*h - 3680, 2*h + n - 1157 = 0. What is the tens digit of h?
8
Let f = -44 + 40. Let x = f - -14. What is the units digit of x?
0
Let g be 10/2 - 10/5. Suppose 3*a + 2*v - 1 - 1 = 0, 2*a - 10 = g*v. Suppose 5*n = 5*p - 220, 2*p + 176 = 6*p - a*n. What is the units digit of p?
4
Let v(z) = 12*z - 2. Let c be v(-2). Let l = c - -26. Let y(w) = w**3 - w + 33. What is the tens digit of y(l)?
3
Suppose -8*q = -143 - 3881. What is the units digit of q?
3
Suppose -240*p = -264*p + 25200. What is the units digit of p?
0
What is the tens digit of ((1 - 1) + 30765/21)*1?
6
Let a(w) = -w**2 + 2*w**2 - 13*w + 4*w + 6 - 29. What is the units digit of a(-6)?
7
Let t be (-3)/9*3*1. What is the hundreds digit of 212/(-8)*t*4?
1
Let g = 683 - 554. What is the tens digit of g?
2
Let y be (-4)/(-3 - (2 + -4)). Suppose -c + y*u - 8*u + 22 = 0, 2*c - 4*u - 68 = 0. Let q = 31 - c. What is the units digit of q?
1
Let x(a) = -5*a - 399. Let f(y) = 3*y + 200. Let v(k) = 9*f(k) + 4*x(k). What is the tens digit of v(0)?
0
Suppose 2*t + 5 = -1. Let b = t - -3. Suppose b = 5*q + 4*f - f - 10, 5*q = -2*f + 10. What is the units digit of q?
2
Let c(l) = -l**3 + 7*l**2 - l + 9. Suppose 0 = s + 5*x - 12, -x = 3*s - 6*x - 16. Let m be c(s). Suppose 0 = 3*f - m*f - 12. What is the tens digit of f?
1
Let x(w) = -109*w**3 + w + 2. Let y = 50 + -51. What is the tens digit of x(y)?
1
Let k(q) = -108*q**2 - 3*q + 3. Let n(o) = -o**2. Let s(y) = -k(y) - 3*n(y). What is the hundreds digit of s(1)?
1
Let f = 476 - 241. What is the units digit of f?
5
Let y be 2/8 + 57/12. Suppose 4*n = 3*v - 6, -n + 5*v - 5 - y = 0. Suppose n = -2*q + 3*i + 50, 75 = 5*q - 0*q + 5*i. What is the tens digit of q?
1
Suppose 142*d - 162*d = -38960. What is the tens digit of d?
4
Suppose 14*f = 13*f + 1709. What is the units digit of f?
9
Let p be ((-21)/(-12) - 2)*-4. What is the units digit of (-30)/(-10) - 4*(-19)/p?
9
Let s = 54 + -121. Let f = s + 136. What is the tens digit of f?
6
Let n(d) = 2*d - 15. Let o be n(16). Suppose -2*w = w. Let u = o + w. What is the tens digit of u?
1
Let f(g) = g**2 - g - 7. Let x be f(4). Suppose -7*m + 1060 = 4*b - 2*m, 3*b - 795 = x*m. What is the units digit of b?
5
Suppose 3*u + 40 = 7*u. What is the tens digit of (u/(-8))/((-1)/52)?
6
Let f(r) = -89*r - 88. What is the tens digit of f(-17)?
2
Let i(p) = 6*p + 2. Let y be i(1). Suppose -y*x + 5*x = -123. What is the tens digit of x?
4
Suppose -2*s = -3*s - 5. Let z = s + 10. What is the units digit of z?
5
Let u(o) = o**3 + 9*o**2 + 3*o - 3. Let i be u(-12). Let y = -257 - i. What is the hundreds digit of y?
2
What is the units digit of 30478/5 + (-87)/145?
5
Let x = 599 - 65. Suppose 3*b + 0*b - x = 0. What is the units digit of b?
8
Suppose -91*o - 4 = -